 3*k + 125, 3*k = 5*i - 174 - 143. What are the prime factors of i?
2
Suppose -3*b + 9307 + 4154 = 0. List the prime factors of b.
7, 641
Suppose -3 = -3*x + 3. Let k(s) = -2*s**3 + s**3 - 9 - 1 - 2*s**2 - 8*s - 3*s**x. List the prime factors of k(-4).
2, 3
Let p(r) = -4*r**3 + 3*r**2 + r - 4. Let a(l) = -l**3 + l**2 - l + 3. Let m be a(2). List the prime factors of p(m).
2
Suppose 0 = -5*v + 12*v - 84. Suppose v*z = 11*z + 24. List the prime factors of z.
2, 3
Let d(j) = 7*j**2 + j. Let g be d(-1). List the prime factors of 51/(g/3 + -1).
3, 17
Suppose -7*g + 412 + 2290 = 0. What are the prime factors of g?
2, 193
Suppose 40 = -43*x + 42*x. Let h be (-74)/(-9) - x/(-180). Suppose -2*n = 2*p - 78, 0 = p + 5*n - h - 23. What are the prime factors of p?
41
Let c(o) = 3*o**2 + 18*o. Let u(b) = 1. Let a(v) = c(v) + 6*u(v). Let m be a(-6). Suppose 0 = -9*h + m*h + 75. List the prime factors of h.
5
Let n(m) = -4*m**3 + 8*m + 24. What are the prime factors of n(-6)?
2, 3, 5, 7
Let a = -7 + 9. Suppose -4*v = -l + v - 1, 2*v + 6 = a*l. List the prime factors of 1/(l*1/120).
2, 3, 5
What are the prime factors of (-2)/(-8) + ((-4629)/(-12) - 7)?
379
Let t = 262 + -229. List the prime factors of t.
3, 11
Let z be 22/(-4)*3*-22. Let t = -32 + z. Suppose -5*d = 3*u - 169, 0 = 6*u - u - 4*d - t. What are the prime factors of u?
3, 7
Suppose 15305 = 10*d - 10005. List the prime factors of d.
2531
Let v = 156 + -158. What are the prime factors of ((v - 1)/(-3))/((-6)/(-1866))?
311
Let w = 9 + -4. Let p(y) = y - 7. Let n be p(7). Suppose -5*f + 19 = x, n*f = -w*x - f + 71. What are the prime factors of x?
2, 7
Let m(x) = -15*x - 10. Let r be m(-14). Suppose 0 = j + 3*j - r. Suppose 4*f = 6*f - j. What are the prime factors of f?
5
Let w be (8/(-3))/((-2)/24). Suppose 0 = -4*a - h + 52, 2*a + w = 3*a + 5*h. Suppose 0 = -5*t + 47 - a. What are the prime factors of t?
7
Let k(l) = 3*l**2 - 2*l + 5. Let y(n) = -6*n**2 + 5*n - 10. Let g(c) = 5*k(c) + 2*y(c). What are the prime factors of g(3)?
2
Let i(s) = s**3 - 18*s**2 - 16*s + 9. Suppose 12 = -3*q + 4*q. Suppose y - 4*z = 3 + q, 0 = -3*y - 5*z + 62. What are the prime factors of i(y)?
2, 3, 11
Let l(c) = 2*c**2 + 2*c - 1. Let y be l(1). Suppose 5*p - 220 = -5*i + 255, 3*i = y*p - 291. What are the prime factors of p?
2, 3
Let c(l) = -l**3 + 2*l**2 - 14*l + 32. What are the prime factors of c(-8)?
2, 7
Suppose 0 = -3*m - 11 - 25. What are the prime factors of 15 + 4/m*-3?
2
Suppose 2*l - u = 207, 5*l + u = 2*u + 522. What are the prime factors of l?
3, 5, 7
Suppose -2*c - 3 = -7. List the prime factors of -18*(c + 2)*(-115)/46.
2, 3, 5
Let s be (132/(-9))/(4/(-180)). List the prime factors of s/40 - 3/(-2).
2, 3
Suppose 902 = 4*i + 3*f, -2*i - 1137 = -7*i + f. Suppose -w = -i + 28. List the prime factors of w.
199
Suppose 17*t - 20*t - 168 = 0. Let j = 226 + t. List the prime factors of j.
2, 5, 17
Let l(f) = -f**2 - 7*f + 6. Let t be l(-9). Let z(r) = r**3 + 11*r**2 - 13*r - 14. Let p be z(t). What are the prime factors of (10/(-15))/(p/93)?
31
Let w(k) = k**3 + 22*k**2 + 18*k + 27. Let v(z) = -12*z + 3. Let c be v(2). List the prime factors of w(c).
2, 3, 5
Let x = -12 - -4. Let k be (-2)/8 + x/(-32). Let s(d) = -d**3 + d**2 - d + 10. List the prime factors of s(k).
2, 5
Let y = 5 - 5. Let c be 11 - (y - 4/(-2)). List the prime factors of (-2)/c - (-708)/27.
2, 13
Let n be (-1)/(-5) + 2/(-10). Suppose -4*p + 2*v + 20 = 0, -p + n = -v - 3. Let r(h) = 2*h**2 - 10*h - 1. List the prime factors of r(p).
3
Let s(k) = 131*k**2 + 6*k - 1. What are the prime factors of s(-2)?
7, 73
Suppose 18892 = 48*t - 31268. List the prime factors of t.
5, 11, 19
Let g be 14/4 + 6/(-12). Let l = 36 - g. Suppose 0 = 3*j - 27 - l. List the prime factors of j.
2, 5
Suppose 2*d + d = 0. Suppose d = -x + 3 + 2. Suppose x*v - 114 + 4 = 0. List the prime factors of v.
2, 11
Suppose -2420 = -12*i - 464. What are the prime factors of i?
163
Let k = -10 - -13. Suppose -k*w + v = 3, 4*w + 3 = 5*w + v. Suppose w*d + 3*d = 51. List the prime factors of d.
17
Let k(h) = 6*h - h**3 - 443*h**2 + 457*h**2 - 35 - 2*h**3 + 2*h**3. List the prime factors of k(14).
7
Let v be ((-16)/(-24))/((-1)/24). Let l(m) = -m - 13. Let k be l(v). Let x = 28 - k. What are the prime factors of x?
5
Let m be (2 + -3)*(-2 - -2). Suppose m = 3*v + 4 + 20. What are the prime factors of (-2)/v - (-23)/4?
2, 3
Let f be 6 - (0 + 3 + 0). Suppose 20 = 5*p, 5*p + 24 - 215 = -f*t. List the prime factors of t.
3, 19
Suppose 107*c = 115*c - 1712. What are the prime factors of c?
2, 107
Let t be (-1 + -2)/(24/16). Let v(c) = -5 + 8*c**2 + 5. What are the prime factors of v(t)?
2
Let f(x) = -x**2 - 8*x - 8. Let k be ((-11)/((-11)/6))/(-1). Let q be f(k). Suppose -5*d - 224 = -4*h, q*d - d = -3*h + 141. List the prime factors of h.
3, 17
Suppose 289*q = 282*q + 15064. List the prime factors of q.
2, 269
Let u(f) = 4*f - 1. Let x be u(2). Suppose -10 = 2*y - x*y. What are the prime factors of y/11 + (-480)/(-22)?
2, 11
Suppose -y + 44 = 3*c + 2*c, -4*c = -3*y + 170. Suppose -4*k - 5 = 5*d, 3*d - 8*d + 25 = -2*k. Suppose y = -z + d*z. What are the prime factors of z?
3
Let j = -263 + 620. What are the prime factors of j?
3, 7, 17
Suppose 4*w = 4*y - 208, 2*w + 24 - 116 = -2*y. Suppose 2*h + 5*z - y = 0, -2*z - 38 = h - 2*h. What are the prime factors of h + (-2)/1 + -1?
29
Let f = -23 - -19. Let x be (-10)/f*2 - 0. Suppose -s - x*u + 26 = 0, -5*s + 273 = -u + 91. What are the prime factors of s?
2, 3
Let x = -14 + 18. Suppose 5*t - 3*t - 198 = -3*d, -x*t - 308 = -5*d. What are the prime factors of d?
2
List the prime factors of -2 + 635 - (13 + -8).
2, 157
Let d(f) = -f**3 - 6*f**2 - 4*f + 3. Let z be d(-5). Let v(a) = 2*a - 10*a + 257 - 257. What are the prime factors of v(z)?
2
Suppose -4*o + 12 = -0*o, 0 = u - 3*o - 1034. What are the prime factors of u?
7, 149
Suppose -b = 2*b - 78. Suppose -19*h + 74 = -2. Suppose b = h*l - 2*g, l = -4*g + 10 + 10. What are the prime factors of l?
2
Suppose 8*h + 280 = 7*h. Let i = -146 - h. List the prime factors of i.
2, 67
Let j be (-2)/(((-8)/6)/2). Suppose j*p = p. Suppose -4*s + 29 + 3 = p. List the prime factors of s.
2
Let v(n) = n**2 - 19*n + 16. Let f be v(16). Let u = f - -33. List the prime factors of 4 + (u*-80)/(-4).
2, 3
Suppose 15 = -r + 3*k, r + 0*k + 2*k - 10 = 0. Suppose r = h + 7*h - 464. What are the prime factors of h?
2, 29
Let q = 20 - 20. Suppose 180 = 3*x - 2*b + 4*b, -3*x + 2*b + 168 = q. List the prime factors of x.
2, 29
Suppose -t = 4*d - 56, -2*d = -5*t - 5 - 1. Let j = 27 - d. What are the prime factors of 11/(j/4 - 3)?
2, 11
Suppose 5*x - 16 = -4*k + 2*k, -2*k = -4*x + 2. Suppose 3*t = k*m + 33, t + t = -2*m + 2. List the prime factors of t.
2, 3
Let p(g) = -g**2 - g**2 - 7 - 17*g + 10*g + g**2. What are the prime factors of p(-5)?
3
Let m(j) = j**3 - j**2 - 26. Let r be m(0). What are the prime factors of (-4)/r - 49620/(-260)?
191
Suppose -y - 3499 = -3*f, 9*f + 1168 = 10*f - 2*y. List the prime factors of f.
2, 11, 53
Suppose -3*k = -w + 49, 4*w - 2*k + 66 = 6*w. Let a = -33 + w. List the prime factors of a.
2
Suppose -5*v + 1 + 14 = 0. Suppose 0 = 2*o + 3*x - 78, 0 = -o - 2*o - v*x + 114. What are the prime factors of o?
2, 3
Let h(c) = c**2 - c - 21. Let x(m) = m**2 - 20. Let p(u) = 5*h(u) - 4*x(u). List the prime factors of p(-10).
5
Let k = -103 + 146. Let p = -19 + k. List the prime factors of p.
2, 3
Let y be 45/6*(-30)/25. Let h be ((-3)/y)/((-1)/6). List the prime factors of (h + 8)*(-84)/(-9).
2, 7
Suppose 5*m + 4*g = 3354, 2*m + 351*g - 346*g = 1328. What are the prime factors of m?
2, 337
Suppose 0 = -k - 3*n + 3, -4*n = -3*k - k + 12. Suppose -s = k*d - 657, -9*d = -6*d - s - 663. What are the prime factors of d?
2, 5, 11
Let b(x) = -56*x + 23. List the prime factors of b(-30).
13, 131
Suppose 2*q - 2 = -4. Let o(m) = 4*m**2. Let b be o(q). Suppose 0*i = b*i - 76. List the prime factors of i.
19
Suppose -212*g + 208*g + 772 = 0. List the prime factors of g.
193
Let u be (-25)/(6 - 11)*(-2)/(-5). Suppose u*a - 189 = 4*x - 29, 315 = 4*a - 3*x. What are the prime factors of a?
2, 3, 13
Let i(r) = 2*r**2 + r + 3. Let j be i(-2). Let q(w) = -w**3 + 12*w**2 - 11*w - 14. List the prime factors of q(j)